s 7013687105 a composite number?
True
Is 4405707395 prime?
False
Is 2107319 prime?
True
Is 5369263387 a composite number?
False
Is 31180858253 a composite number?
True
Is 1395137903 a prime number?
False
Is 31894676501 prime?
True
Is 2712600131 a composite number?
False
Is 6472896434 a prime number?
False
Is 27348132335 prime?
False
Is 7442149283 a composite number?
True
Is 43138837829 a prime number?
True
Is 9851524049 a composite number?
True
Is 7595277253 composite?
True
Is 3932549581 composite?
False
Is 2547066383 composite?
False
Is 2138854873 composite?
True
Is 164263607507 composite?
False
Is 1645296623 composite?
True
Is 11578306609 composite?
True
Is 869055015091 a composite number?
False
Is 6768535297 a prime number?
True
Is 35766335321 a prime number?
False
Is 14810371993 prime?
False
Is 2631734867 a composite number?
True
Is 76178928974 composite?
True
Is 5798823343 composite?
False
Is 17384281111 a composite number?
False
Is 81465073381 prime?
True
Is 5897343533 a composite number?
False
Is 1122126569 a composite number?
False
Is 19750301254 prime?
False
Is 24808229773 a composite number?
False
Is 1371116543 composite?
False
Is 148972130327 a prime number?
True
Is 64113613693 prime?
False
Is 1188562943 prime?
True
Is 1108777811 prime?
True
Is 950718337 a prime number?
True
Is 562790021 composite?
False
Is 1813528459 composite?
False
Is 19152174739 prime?
True
Is 935709557 prime?
False
Is 10574143807 composite?
False
Is 6121772929 a composite number?
False
Is 65104305341 composite?
False
Is 2279446831 prime?
False
Is 199176565507 composite?
True
Is 889686163 a prime number?
True
Is 13868485493 composite?
False
Is 46751935057 composite?
True
Is 726548759 composite?
False
Is 2398506821 composite?
False
Is 13670620763 prime?
False
Is 4839520463 a composite number?
False
Is 78177040427 composite?
False
Is 646501951 prime?
False
Is 35237501515 a composite number?
True
Is 23299303841 a composite number?
True
Is 24829391927 prime?
True
Is 228622439 a prime number?
True
Is 3708776935 prime?
False
Is 5019707981 a prime number?
True
Is 257010503 prime?
True
Is 448407932359 composite?
True
Is 32226315499 prime?
False
Is 96972647 a composite number?
False
Is 3077784043 a prime number?
False
Is 41807495479 a prime number?
False
Is 33963445707 a composite number?
True
Is 454988854 a composite number?
True
Is 9918527777 composite?
True
Is 404517271 a composite number?
True
Is 4117111241 composite?
False
Is 13886025887 a composite number?
False
Is 20269072079 composite?
True
Is 1666204682 a composite number?
True
Is 1620028547 a composite number?
True
Is 186972148463 a composite number?
True
Is 303792079 prime?
True
Is 2524166383 prime?
True
Is 1593506157 composite?
True
Is 15571378061 composite?
True
Is 6532728443 a composite number?
False
Is 4458963539 prime?
True
Is 18761194799 prime?
True
Is 177247693 composite?
True
Is 201527801 prime?
True
Is 19034630423 a composite number?
False
Is 76431431159 a composite number?
False
Is 4209371521 prime?
True
Is 3398964703 a prime number?
True
Is 5366215895 a prime number?
False
Is 4322848627 prime?
True
Is 862479697 a prime number?
True
Is 1467861467 composite?
False
Is 15401408371 prime?
False
Is 104947483 prime?
True
Is 9915960827 a prime number?
False
Is 22167901781 a prime number?
True
Is 67963663 composite?
False
Is 10478701873 a prime number?
True
Is 1732232573 prime?
True
Is 247750123 a composite number?
True
Is 3351461923 prime?
False
Is 20900446397 a prime number?
True
Is 10869264521 a prime number?
True
Is 112372237 a composite number?
True
Is 47251129 a prime number?
False
Is 3478405831 composite?
True
Is 31889725243 a composite number?
True
Is 24427685357 prime?
False
Is 15483468139 prime?
True
Is 3099420271 a composite number?
True
Is 447793603 a composite number?
False
Is 413112473 composite?
True
Is 1606989317 a prime number?
True
Is 6148541279 a prime number?
True
Is 88427220989 a composite number?
False
Is 29674715341 composite?
True
Is 13250985883 composite?
True
Is 766998209 prime?
False
Is 378855923 a prime number?
True
Is 381595019 prime?
False
Is 126598728587 a composite number?
False
Is 957787267 prime?
True
Is 1973586089 a composite number?
False
Is 1324345609 prime?
False
Is 10383167459 a prime number?
False
Is 4059791327 prime?
True
Is 1663304879 a composite number?
False
Is 22321245445 a prime number?
False
Is 1849882549 prime?
False
Is 4718726017 a prime number?
True
Is 13030597913 composite?
False
Is 118482899 a prime number?
False
Is 3643703597 a prime number?
True
Is 7300324687 a composite number?
False
Is 1833681197 a composite number?
False
Is 18174911321 a prime number?
False
Is 777910069 a composite number?
False
Is 593004723 prime?
False
Is 246529648279 prime?
False
Is 11713588813 composite?
False
Is 53040816677 composite?
True
Is 4704557971 a composite number?
False
Is 348567419 composite?
True
Is 1498343963 a composite number?
False
Is 183872147 a prime number?
True
Is 156157457 a prime number?
True
Is 66181256081 a composite number?
False
Is 2363535389 composite?
True
Is 29080530421 composite?
False
Is 4246764343 prime?
True
Is 581425679 prime?
True
Is 36653091793 a prime number?
False
Is 8251478243 a composite number?
False
Is 8666774833 a prime number?
True
Is 8094719687 a composite number?
True
Is 1607839931 a prime number?
True
Is 110310611507 prime?
True
Is 49840775111 composite?
True
Is 8018425937 prime?
False
Is 1066326553 composite?
True
Is 1165567601 composite?
True
Is 10651016147 composite?
False
Is 971860711 a prime number?
False
Is 32902694822 prime?
False
Is 824154589 prime?
True
Is 1536008673 composite?
True
Is 190808863 composite?
True
Is 353988267 a composite number?
True
Is 966358759 a prime number?
True
Is 7641636523 a composite number?
True
Is 3112648027 prime?
True
Is 514304080765 a composite number?
True
Is 42866607709 prime?
True
Is 25393138747 a composite number?
False
Is 17409017 a composite number?
False
Is 197790499 prime?
False
Is 9388948087 a prime number?
True
Is 2918282057 prime?
False
Is 50892647 a prime number?
False
Is 709517629 a composite number?
True
Is 28145516147 composite?
True
Is 202010995337 a composite number?
False
Is 50380400489 composite?
False
Is 21683746451 a prime number?
False
Is 1338006821 composite?
False
Is 12754245043 a composite number?
False
Is 31857356507 a prime number?
True
Is 2837553281 a prime number?
False
Is 35838925789 composite?
False
Is 6821894797 prime?
True
Is 3358179673 a composite number?
True
Is 377090863 prime?
False
Is 17749296401 composite?
True
Is 2840222813 composite?
False
Is 222725795 prime?
False
Is 1958602133 composite?
False
Is 5875066237 prime?
False
Is 1666093217 composite?
True
Is 2859478621 composite?
True
Is 16135987435 a composite number?
True
Is 9898625161 a prime number?
False
Is 61259186537 a prime number?
False
Is 23752835089 a composite number?
False
Is 63652923331 prime?
False
Is 355008619 a composite number?
True
Is 34190436323 composite?
True
Is 7567224947 a composite number?
True
Is 46673855407 a prime number?
False
Is 561845729 a prime number?
False
Is 536959151 a prime number?
False
Is 109263439469 a prime number?
True
Is 1061004983 composite?
False
Is 72619961 a prime number?
True
Is 4064063447 prime?
False
Is 48418425481 composite?
False
Is 3870477211 a prime number?
False
Is 62910605683 composite?
True
Is 1879980203 a composite number?
False
Is 2457517351 a composite number?
False
Is 45860899619 a composite number?
True
Is 2983387373 a composite number?
True
Is 4311309427 composite?
False
Is 2463664853 composite?
True
Is 1797050659 composite?
True
Is 4438791523 a composite number?
False
Is 33138697763 composite?
True
Is 482198237 composite?
False
Is 399321959 composite?
True
Is 331887313 composite?
True
Is 9475940867 a composite number?
True
Is 18616084129 composite?
False
Is 4832651267 a composite number?
False
Is 180837080741 composite?
True
Is 54316446143 a prime number?
False
Is 2295261349 a composite number?
True
Is 1268023061 prime?
True
Is 9078595307 a prime number?
True
Is 20785653841 a composite number?
True
Is 127699231 composite?
True
Is 1777201393 a composite number?
True
Is 23244561103 a composite number?
False
Is 924413107 a prime number?
False
Is 1